{"id":11,"date":"2016-11-05T22:01:38","date_gmt":"2016-11-05T21:01:38","guid":{"rendered":"http:\/\/www.veterinacaslav.cz\/?page_id=11"},"modified":"2017-02-12T14:36:12","modified_gmt":"2017-02-12T13:36:12","slug":"sluzby","status":"publish","type":"page","link":"https:\/\/www.veterinacaslav.cz\/?page_id=11","title":{"rendered":"Slu\u017eby"},"content":{"rendered":"<h3 class=\"page-title\">Nab\u00edz\u00edme slu\u017eby pro psy a ko\u010dky v n\u00e1sleduj\u00edc\u00edch odv\u011btv\u00edch.<\/h3>\n<h4 class=\"page-title\">\u00a0Neopom\u00edj\u00edme ani fretky, drobn\u00e9 hlodavce, terarijn\u00ed zv\u00ed\u0159ata, drobn\u00e9 ptactvo a kon\u011b.<\/h4>\n<div class=\"entry\"><\/div>\n<h3 class=\"page-title\"><img loading=\"lazy\" decoding=\"async\" class=\"aligncenter wp-image-576 \" src=\"http:\/\/www.veterinacaslav.cz\/wp-content\/uploads\/2017\/02\/AGNES.jpg\" width=\"600\" height=\"117\" \/><\/h3>\n<h3 class=\"page-title\"><\/h3>\n<h3 class=\"page-title\">\u00a0<span class=\"fs20\"><span class=\"ff1 cf0\"><em><b>Prevence<\/b><\/em><\/span><\/span><\/h3>\n<div class=\"entry\">\n<p><span class=\"fs20\"><span class=\"ff1 cf0\"><br \/>\n\u2013preventivn\u00ed prohl\u00eddky \u2013 \u0161t\u011b\u0148ata, seniorsk\u00fd program<br \/>\n\u2013vakcinace (ps\u016f, ko\u010dek, kr\u00e1l\u00edk\u016f, fretek) \u2013 samoz\u0159ejmost\u00ed je celkov\u00e9 klinick\u00e9 vy\u0161et\u0159en\u00ed a konzultace p\u0159\u00edpadn\u00fdch pot\u00ed\u017e\u00ed<\/span><\/span><\/p>\n<p>&nbsp;<\/p>\n<p><a href=\"http:\/\/www.veterinacaslav.cz\/wp-content\/uploads\/2017\/02\/kotatka.jpg\"><img loading=\"lazy\" decoding=\"async\" class=\"aligncenter wp-image-351\" src=\"http:\/\/www.veterinacaslav.cz\/wp-content\/uploads\/2017\/02\/kotatka-300x107.jpg\" alt=\"Ko\u0165\u00e1tka\" width=\"193\" height=\"69\" srcset=\"https:\/\/www.veterinacaslav.cz\/wp-content\/uploads\/2017\/02\/kotatka-300x107.jpg 300w, https:\/\/www.veterinacaslav.cz\/wp-content\/uploads\/2017\/02\/kotatka-768x275.jpg 768w, https:\/\/www.veterinacaslav.cz\/wp-content\/uploads\/2017\/02\/kotatka-1024x366.jpg 1024w, https:\/\/www.veterinacaslav.cz\/wp-content\/uploads\/2017\/02\/kotatka.jpg 1200w\" sizes=\"auto, (max-width: 193px) 100vw, 193px\" \/><\/a><\/p>\n<p><span class=\"fs20\"><span class=\"ff1 cf0\"> \u2013protiparazit\u00e1rn\u00ed program<\/span><\/span><\/p>\n<p><img loading=\"lazy\" decoding=\"async\" class=\"wp-image-55 aligncenter\" src=\"http:\/\/www.veterinacaslav.cz\/wp-content\/uploads\/2017\/01\/IMG_20160405_150756-1-300x225.jpg\" alt=\"\" width=\"160\" height=\"120\" srcset=\"https:\/\/www.veterinacaslav.cz\/wp-content\/uploads\/2017\/01\/IMG_20160405_150756-1-300x225.jpg 300w, https:\/\/www.veterinacaslav.cz\/wp-content\/uploads\/2017\/01\/IMG_20160405_150756-1-768x576.jpg 768w, https:\/\/www.veterinacaslav.cz\/wp-content\/uploads\/2017\/01\/IMG_20160405_150756-1-1024x768.jpg 1024w\" sizes=\"auto, (max-width: 160px) 100vw, 160px\" \/><\/p>\n<p><span class=\"fs20\"><span class=\"ff1 cf0\">\u2013 st\u0159\u00edh\u00e1n\u00ed dr\u00e1pk\u016f, vytrh\u00e1v\u00e1n\u00ed chlup\u016f v\u0161\u00edch, \u010di\u0161t\u011bn\u00ed an\u00e1ln\u00edch v\u00e1\u010dk\u016f, odstra\u0148ov\u00e1n\u00ed zubn\u00edho kamene ultrazvukem v\u010detn\u011b le\u0161t\u011bn\u00ed<br \/>\n\u2013 \u010dipov\u00e1n\u00ed, vyd\u00e1v\u00e1n\u00ed mezin\u00e1rodn\u00edch pas\u016f (cestov\u00e1n\u00ed se psy, ko\u010dkami a fretkami do zahrani\u010d\u00ed \u2013 WWW ),<br \/>\n\u2013 tetov\u00e1n\u00ed \u0161t\u011b\u0148at,<\/span><\/span><\/p>\n<h3 class=\"page-title\"><img loading=\"lazy\" decoding=\"async\" class=\"wp-image-346 aligncenter\" src=\"http:\/\/www.veterinacaslav.cz\/wp-content\/uploads\/2017\/02\/013-300x200.jpg\" alt=\"\" width=\"108\" height=\"72\" srcset=\"https:\/\/www.veterinacaslav.cz\/wp-content\/uploads\/2017\/02\/013-300x200.jpg 300w, https:\/\/www.veterinacaslav.cz\/wp-content\/uploads\/2017\/02\/013-768x512.jpg 768w, https:\/\/www.veterinacaslav.cz\/wp-content\/uploads\/2017\/02\/013-1024x683.jpg 1024w, https:\/\/www.veterinacaslav.cz\/wp-content\/uploads\/2017\/02\/013.jpg 1200w\" sizes=\"auto, (max-width: 108px) 100vw, 108px\" \/><\/h3>\n<p><span class=\"fs20\"><span class=\"ff1 cf0\">\u2013 ofici\u00e1ln\u00ed RTG sn\u00edmkov\u00e1n\u00ed DKK, DLK,<br \/>\n\u2013 poradenstv\u00ed chovu v\u010detn\u011b v\u00fd\u017eivy \u2013 prodej krmiv komer\u010dn\u00edch i veterin\u00e1rn\u00edch diet, (<strong>Eukanuba<\/strong>, <strong>Hills<\/strong>,<strong> Royal Canine<\/strong>, Iams, Purina, <strong>Calibra<\/strong>, Brit care,\u2026, dle objedn\u00e1n\u00ed mo\u017eno dal\u0161\u00ed do druh\u00e9ho dne)<\/span><\/span><\/p>\n<h3 class=\"page-title\"><img loading=\"lazy\" decoding=\"async\" class=\" wp-image-62 alignleft\" src=\"http:\/\/www.veterinacaslav.cz\/wp-content\/uploads\/2017\/01\/calibra-300x117.png\" alt=\"\" width=\"167\" height=\"65\" srcset=\"https:\/\/www.veterinacaslav.cz\/wp-content\/uploads\/2017\/01\/calibra-300x117.png 300w, https:\/\/www.veterinacaslav.cz\/wp-content\/uploads\/2017\/01\/calibra.png 680w\" sizes=\"auto, (max-width: 167px) 100vw, 167px\" \/><\/h3>\n<h3 class=\"page-title\"><img loading=\"lazy\" decoding=\"async\" class=\"wp-image-446 aligncenter\" src=\"http:\/\/www.veterinacaslav.cz\/wp-content\/uploads\/2017\/02\/royalcanin.cz_large.png\" alt=\"\" width=\"182\" height=\"66\" \/><\/h3>\n<h3 class=\"page-title\"><img loading=\"lazy\" decoding=\"async\" class=\" wp-image-99 alignleft\" src=\"http:\/\/www.veterinacaslav.cz\/wp-content\/uploads\/2017\/01\/eucanuba.jpg\" alt=\"\" width=\"168\" height=\"45\" \/><\/h3>\n<h3 class=\"page-title\"><img loading=\"lazy\" decoding=\"async\" class=\"wp-image-121 aligncenter\" src=\"http:\/\/www.veterinacaslav.cz\/wp-content\/uploads\/2017\/01\/Hills.jpg\" alt=\"\" width=\"70\" height=\"60\" \/><\/h3>\n<p>&nbsp;<\/p>\n<p><em><b>Diagnostika<\/b><\/em><br \/>\nZab\u00fdv\u00e1me se diagnostikou v\u011bchto oborech:<br \/>\n<strong>dermatologie<\/strong> \u2013 onemocn\u011bn\u00ed k\u016f\u017ee, chlup\u016f, dr\u00e1pk\u016f, u\u0161\u00ed, nosn\u00ed houby<\/p>\n<p><img loading=\"lazy\" decoding=\"async\" class=\"alignnone wp-image-541\" src=\"http:\/\/www.veterinacaslav.cz\/wp-content\/uploads\/2017\/02\/WP_20161117_002-300x169.jpg\" alt=\"\" width=\"157\" height=\"89\" srcset=\"https:\/\/www.veterinacaslav.cz\/wp-content\/uploads\/2017\/02\/WP_20161117_002-300x169.jpg 300w, https:\/\/www.veterinacaslav.cz\/wp-content\/uploads\/2017\/02\/WP_20161117_002-768x432.jpg 768w, https:\/\/www.veterinacaslav.cz\/wp-content\/uploads\/2017\/02\/WP_20161117_002-1024x576.jpg 1024w, https:\/\/www.veterinacaslav.cz\/wp-content\/uploads\/2017\/02\/WP_20161117_002.jpg 1632w\" sizes=\"auto, (max-width: 157px) 100vw, 157px\" \/><br \/>\n<strong>oftalmologie<\/strong> \u2013 onemocn\u011bn\u00ed o\u010d\u00ed a okoln\u00edch souvisej\u00edc\u00edch struktur<br \/>\n<strong>stomatologie<\/strong> \u2013 onemocn\u011bn\u00ed tlamy<\/p>\n<p><img loading=\"lazy\" decoding=\"async\" class=\"alignnone wp-image-532\" src=\"http:\/\/www.veterinacaslav.cz\/wp-content\/uploads\/2017\/02\/20141023_072455-300x225.jpg\" alt=\"\" width=\"131\" height=\"98\" srcset=\"https:\/\/www.veterinacaslav.cz\/wp-content\/uploads\/2017\/02\/20141023_072455-300x225.jpg 300w, https:\/\/www.veterinacaslav.cz\/wp-content\/uploads\/2017\/02\/20141023_072455-768x576.jpg 768w, https:\/\/www.veterinacaslav.cz\/wp-content\/uploads\/2017\/02\/20141023_072455-1024x768.jpg 1024w\" sizes=\"auto, (max-width: 131px) 100vw, 131px\" \/><br \/>\n<strong>gastroenterologie<\/strong> \u2013 onemocn\u011bn\u00ed hltanu, j\u00edcnu, \u017ealudku, st\u0159ev, ale tak\u00e9 jater a slinivky<br \/>\n<strong>kardiologie a respira\u010dn\u00ed syst\u00e9m<\/strong> \u2013 onemocn\u011bn\u00ed srdce, velk\u00fdch c\u00e9v, nosn\u00ed dutiny, hrtanu, trachei a plic<br \/>\n<strong>ortopedie<\/strong>\u2013 onemocn\u011bn\u00ed sval\u016f, vaz\u016f, kost\u00ed a kloub\u016f<\/p>\n<p><img loading=\"lazy\" decoding=\"async\" class=\"alignnone wp-image-310\" src=\"http:\/\/www.veterinacaslav.cz\/wp-content\/uploads\/2017\/02\/pes-FCP-300x298.jpg\" alt=\"\" width=\"109\" height=\"108\" srcset=\"https:\/\/www.veterinacaslav.cz\/wp-content\/uploads\/2017\/02\/pes-FCP-300x298.jpg 300w, https:\/\/www.veterinacaslav.cz\/wp-content\/uploads\/2017\/02\/pes-FCP-150x150.jpg 150w, https:\/\/www.veterinacaslav.cz\/wp-content\/uploads\/2017\/02\/pes-FCP-768x764.jpg 768w, https:\/\/www.veterinacaslav.cz\/wp-content\/uploads\/2017\/02\/pes-FCP-1024x1018.jpg 1024w, https:\/\/www.veterinacaslav.cz\/wp-content\/uploads\/2017\/02\/pes-FCP.jpg 1200w\" sizes=\"auto, (max-width: 109px) 100vw, 109px\" \/><br \/>\n<strong>neurologie <\/strong>\u2013 onemocn\u011bn\u00ed mozku, m\u00edchy, nerv\u016f<br \/>\n<strong>endokrinologie<\/strong> \u2013 onemocn\u011bn\u00ed \u017el\u00e1z s\u0159n\u00ed sekrec\u00ed \u2013 \u0161t\u00edtn\u00e1 \u017el\u00e1za, hypof\u00fdza, \u2026<br \/>\n<strong>gynekologie a andrologie<\/strong> \u2013 onemocn\u011bn\u00ed sami\u010d\u00edch i sam\u010d\u00edch pohlavn\u00edch org\u00e1n\u016f, diagnostika vhodn\u00e9<br \/>\ndoby ke kryt\u00ed, odb\u011br semene a um\u011bl\u00e1 inseminace, ran\u00e1 diagnostika gravidity,<br \/>\np\u0159eru\u0161en\u00ed ne\u017e\u00e1douc\u00ed gravidity<\/p>\n<h3 class=\"page-title\"><img loading=\"lazy\" decoding=\"async\" class=\"alignnone wp-image-357\" src=\"http:\/\/www.veterinacaslav.cz\/wp-content\/uploads\/2017\/02\/Fenka-mopse-7-stenat-241x300.jpeg\" alt=\"\" width=\"106\" height=\"132\" srcset=\"https:\/\/www.veterinacaslav.cz\/wp-content\/uploads\/2017\/02\/Fenka-mopse-7-stenat-241x300.jpeg 241w, https:\/\/www.veterinacaslav.cz\/wp-content\/uploads\/2017\/02\/Fenka-mopse-7-stenat.jpeg 732w\" sizes=\"auto, (max-width: 106px) 100vw, 106px\" \/><\/h3>\n<p><strong>urologie<\/strong> \u2013 onemocn\u011bn\u00ed ledvin a v\u00fdvodn\u00fdch cest<\/p>\n<p><img loading=\"lazy\" decoding=\"async\" class=\"alignnone wp-image-410\" src=\"http:\/\/www.veterinacaslav.cz\/wp-content\/uploads\/2017\/02\/urolity-7-r\u016fzn\u00fdch-pacient\u016f-300x291.jpg\" alt=\"\" width=\"94\" height=\"91\" srcset=\"https:\/\/www.veterinacaslav.cz\/wp-content\/uploads\/2017\/02\/urolity-7-r\u016fzn\u00fdch-pacient\u016f-300x291.jpg 300w, https:\/\/www.veterinacaslav.cz\/wp-content\/uploads\/2017\/02\/urolity-7-r\u016fzn\u00fdch-pacient\u016f-768x744.jpg 768w, https:\/\/www.veterinacaslav.cz\/wp-content\/uploads\/2017\/02\/urolity-7-r\u016fzn\u00fdch-pacient\u016f-1024x992.jpg 1024w, https:\/\/www.veterinacaslav.cz\/wp-content\/uploads\/2017\/02\/urolity-7-r\u016fzn\u00fdch-pacient\u016f.jpg 1200w\" sizes=\"auto, (max-width: 94px) 100vw, 94px\" \/><br \/>\n<strong>onkologie<\/strong> \u2013 n\u00e1dorov\u00e1 onemocn\u011bn\u00ed<br \/>\n<strong>etologie<\/strong> \u2013 poruchy chov\u00e1n\u00ed, strach<\/p>\n<p>Vyu\u017e\u00edv\u00e1me jak na\u0161eho vybaven\u00ed, tak 24 hodin dostupn\u00e9 slu\u017eby hematologick\u00e9 a biochemick\u00e9 laborato\u0159e hum\u00e1nn\u00ed \u2013 ve zdej\u0161\u00ed nemocnici (v\u00fdsledky krevn\u00edch vy\u0161et\u0159en\u00ed jsou k dispozici b\u011bhem 30 \u2013 60 minut od odb\u011bru.<br \/>\nTak\u00e9 spolupracujeme s dal\u0161\u00edmi specializovan\u00fdmi laborato\u0159emi a pracovi\u0161ti<br \/>\nlaborato\u0159e: MVDr. Huml \u2013 Vedilab Plze\u0148 \u2013 mo\u010dov\u00e9 kameny, endokrinologie<br \/>\nProf. MVDr. Franti\u0161ek Tich\u00fd, CSc. \u2013 histologie<\/p>\n<p>vet. kliniky: MVDr. Hypsk\u00e1 \u2013 endoskopie, pokro\u010dil\u00e1 sonografie<br \/>\nMVDr. Jarom\u00edr \u0160tursa \u2013 ortopedie \u2013 www.veterinahb.cz<br \/>\nklinika Jaggy &#8211; www.jaggy.cz<\/p>\n<p>&nbsp;<\/p>\n<p><em><b>Terapie<\/b><\/em><\/p>\n<p>L\u00e9\u010dba n\u00e1sleduje ihned po stanoven\u00ed diagn\u00f3zy, n\u011bkdy i b\u011bhem n\u00ed. Mnoho v\u00fdkon\u016f je prov\u00e1d\u011bno ihned v ordinaci za doprovodu majitele \u2013 v\u010detn\u011b infuzn\u00ed terapie.<br \/>\nTakt\u00e9\u017e je mo\u017en\u00e9 vyu\u017e\u00edvat hospitalizace. Zd\u011bn\u00e9 boxy jsou vyt\u00e1p\u011bn\u00e9 podlahov\u00fdm topen\u00edm, o d\u00e1vkov\u00e1n\u00ed infuz\u00ed se u mal\u00fdch pacient\u016f star\u00e1 programovateln\u00e1 infuzn\u00ed pumpa, zv\u00ed\u0159ata s dechovou t\u00edsn\u00ed je mo\u017eno um\u00edstit do kysl\u00edkov\u00e9ho boxu. Chirurgick\u00e9 o\u0161et\u0159en\u00ed kost\u00ed a kloub\u016f prov\u00e1d\u00edme na odd\u011blen\u00e9m chirurgick\u00e9m s\u00e1le.<\/p>\n<p>Vedle terapie <strong>konzervativn\u00ed<\/strong> \u2013 l\u00e9ky, prov\u00e1d\u00edme rovn\u011b\u017e terapii <strong>chirurgickou<\/strong>.<\/p>\n<h3 class=\"page-title\"><img loading=\"lazy\" decoding=\"async\" class=\"wp-image-348 alignleft\" src=\"http:\/\/www.veterinacaslav.cz\/wp-content\/uploads\/2017\/02\/DSC_0322-225x300.jpg\" alt=\"\" width=\"89\" height=\"118\" srcset=\"https:\/\/www.veterinacaslav.cz\/wp-content\/uploads\/2017\/02\/DSC_0322-225x300.jpg 225w, https:\/\/www.veterinacaslav.cz\/wp-content\/uploads\/2017\/02\/DSC_0322.jpg 411w\" sizes=\"auto, (max-width: 89px) 100vw, 89px\" \/><img loading=\"lazy\" decoding=\"async\" class=\"wp-image-326 alignleft\" src=\"http:\/\/www.veterinacaslav.cz\/wp-content\/uploads\/2017\/02\/DSC02127-300x169.jpg\" alt=\"\" width=\"209\" height=\"118\" srcset=\"https:\/\/www.veterinacaslav.cz\/wp-content\/uploads\/2017\/02\/DSC02127-300x169.jpg 300w, https:\/\/www.veterinacaslav.cz\/wp-content\/uploads\/2017\/02\/DSC02127-768x432.jpg 768w, https:\/\/www.veterinacaslav.cz\/wp-content\/uploads\/2017\/02\/DSC02127-1024x576.jpg 1024w, https:\/\/www.veterinacaslav.cz\/wp-content\/uploads\/2017\/02\/DSC02127.jpg 1200w\" sizes=\"auto, (max-width: 209px) 100vw, 209px\" \/><\/h3>\n<p><img loading=\"lazy\" decoding=\"async\" class=\"wp-image-331 alignleft\" src=\"http:\/\/www.veterinacaslav.cz\/wp-content\/uploads\/2017\/02\/hospit2-300x225.jpg\" alt=\"\" width=\"159\" height=\"119\" srcset=\"https:\/\/www.veterinacaslav.cz\/wp-content\/uploads\/2017\/02\/hospit2-300x225.jpg 300w, https:\/\/www.veterinacaslav.cz\/wp-content\/uploads\/2017\/02\/hospit2.jpg 500w\" sizes=\"auto, (max-width: 159px) 100vw, 159px\" \/><\/p>\n<p>&nbsp;<\/p>\n<p>&nbsp;<\/p>\n<p>&nbsp;<\/p>\n<p>&nbsp;<\/p>\n<p>Nej\u010dast\u011bj\u0161\u00edmi v\u00fdkony jsou z\u00e1kroky preventivn\u00edho charakteru \u2013 kastrace samc\u016f i samic,<br \/>\nodstran\u011bn\u00ed nadbyte\u010dn\u00fdch prst\u016f,<br \/>\nzubn\u00edho kamene,<br \/>\nav\u0161ak ani o v\u00fdkony l\u00e9\u010debn\u00e9 nen\u00ed nouze \u2013 \u0159e\u0161en\u00ed ko\u017en\u00edch \u00fatvar\u016f,<br \/>\nonemocn\u011bn\u00ed oka, v\u00ed\u010dek,<br \/>\nkamen\u016f v mo\u010dov\u00fdch cest\u00e1ch,<br \/>\nn\u00e1dor\u016f r\u016fzn\u00e9 lokalizace,<br \/>\nz\u00e1n\u011bt\u016f pohlavn\u00edho apar\u00e1tu,<\/p>\n<p><img loading=\"lazy\" decoding=\"async\" class=\"alignnone wp-image-359\" src=\"http:\/\/www.veterinacaslav.cz\/wp-content\/uploads\/2017\/02\/pyometra-300x225.jpg\" alt=\"\" width=\"135\" height=\"101\" srcset=\"https:\/\/www.veterinacaslav.cz\/wp-content\/uploads\/2017\/02\/pyometra-300x225.jpg 300w, https:\/\/www.veterinacaslav.cz\/wp-content\/uploads\/2017\/02\/pyometra-768x576.jpg 768w, https:\/\/www.veterinacaslav.cz\/wp-content\/uploads\/2017\/02\/pyometra-1024x768.jpg 1024w, https:\/\/www.veterinacaslav.cz\/wp-content\/uploads\/2017\/02\/pyometra.jpg 1200w\" sizes=\"auto, (max-width: 135px) 100vw, 135px\" \/><br \/>\nciz\u00edch t\u011bles v tr\u00e1v\u00edc\u00edm traktu,<\/p>\n<p><img loading=\"lazy\" decoding=\"async\" class=\"alignnone wp-image-370\" src=\"http:\/\/www.veterinacaslav.cz\/wp-content\/uploads\/2017\/02\/ciz\u00ed-t\u011blesa-z-tenk\u00e9ho-st\u0159eva-jednoho-pacienta-300x225.jpg\" alt=\"\" width=\"117\" height=\"88\" srcset=\"https:\/\/www.veterinacaslav.cz\/wp-content\/uploads\/2017\/02\/ciz\u00ed-t\u011blesa-z-tenk\u00e9ho-st\u0159eva-jednoho-pacienta-300x225.jpg 300w, https:\/\/www.veterinacaslav.cz\/wp-content\/uploads\/2017\/02\/ciz\u00ed-t\u011blesa-z-tenk\u00e9ho-st\u0159eva-jednoho-pacienta-768x576.jpg 768w, https:\/\/www.veterinacaslav.cz\/wp-content\/uploads\/2017\/02\/ciz\u00ed-t\u011blesa-z-tenk\u00e9ho-st\u0159eva-jednoho-pacienta-1024x768.jpg 1024w, https:\/\/www.veterinacaslav.cz\/wp-content\/uploads\/2017\/02\/ciz\u00ed-t\u011blesa-z-tenk\u00e9ho-st\u0159eva-jednoho-pacienta.jpg 1200w\" sizes=\"auto, (max-width: 117px) 100vw, 117px\" \/><br \/>\nk\u00fdl pupe\u010dn\u00edch, t\u0159\u00edseln\u00fdch, perine\u00e1ln\u00edch,<br \/>\no\u0161et\u0159en\u00ed r\u016fstov\u00fdch defekt\u016f pohybov\u00e9ho syst\u00e9mu velk\u00fdch i<br \/>\nmal\u00fdch plemen (kost\u00ed, kloub\u016f),<br \/>\nd\u00e1le traumatick\u00fdch stav\u016f \u2013 p\u00e1d\u016f, auto\u00faraz\u016f, zlomenin,<br \/>\nveden\u00ed porod\u016f \u2013 konzervativn\u00ed cestou i c\u00edsa\u0159sk\u00fdm \u0159ezem.<\/p>\n<\/div>\n","protected":false},"excerpt":{"rendered":"<p>Nab\u00edz\u00edme slu\u017eby pro psy a ko\u010dky v n\u00e1sleduj\u00edc\u00edch odv\u011btv\u00edch. \u00a0Neopom\u00edj\u00edme ani fretky, drobn\u00e9 hlodavce, terarijn\u00ed zv\u00ed\u0159ata, drobn\u00e9 ptactvo a kon\u011b. \u00a0Prevence \u2013preventivn\u00ed prohl\u00eddky \u2013 \u0161t\u011b\u0148ata, seniorsk\u00fd program \u2013vakcinace (ps\u016f, ko\u010dek, kr\u00e1l\u00edk\u016f, fretek) \u2013 samoz\u0159ejmost\u00ed je celkov\u00e9 klinick\u00e9 vy\u0161et\u0159en\u00ed a konzultace&#8230; <a href=\"https:\/\/www.veterinacaslav.cz\/?page_id=11\" class=\"readmore\">Read more<span class=\"screen-reader-text\">Slu\u017eby<\/span><span class=\"fa fa-angle-double-right\" aria-hidden=\"true\"><\/span><\/a><\/p>\n","protected":false},"author":1,"featured_media":0,"parent":0,"menu_order":0,"comment_status":"closed","ping_status":"closed","template":"","meta":{"footnotes":""},"class_list":["post-11","page","type-page","status-publish","hentry"],"_links":{"self":[{"href":"https:\/\/www.veterinacaslav.cz\/index.php?rest_route=\/wp\/v2\/pages\/11","targetHints":{"allow":["GET"]}}],"collection":[{"href":"https:\/\/www.veterinacaslav.cz\/index.php?rest_route=\/wp\/v2\/pages"}],"about":[{"href":"https:\/\/www.veterinacaslav.cz\/index.php?rest_route=\/wp\/v2\/types\/page"}],"author":[{"embeddable":true,"href":"https:\/\/www.veterinacaslav.cz\/index.php?rest_route=\/wp\/v2\/users\/1"}],"replies":[{"embeddable":true,"href":"https:\/\/www.veterinacaslav.cz\/index.php?rest_route=%2Fwp%2Fv2%2Fcomments&post=11"}],"version-history":[{"count":63,"href":"https:\/\/www.veterinacaslav.cz\/index.php?rest_route=\/wp\/v2\/pages\/11\/revisions"}],"predecessor-version":[{"id":587,"href":"https:\/\/www.veterinacaslav.cz\/index.php?rest_route=\/wp\/v2\/pages\/11\/revisions\/587"}],"wp:attachment":[{"href":"https:\/\/www.veterinacaslav.cz\/index.php?rest_route=%2Fwp%2Fv2%2Fmedia&parent=11"}],"curies":[{"name":"wp","href":"https:\/\/api.w.org\/{rel}","templated":true}]}}